
Suppose 3*b = 36 - 39, 0 = -4*k - 3*b + 3553. Is k a prime number?
False
Let t = 67 + -73. Let o(g) = 61*g**2 + 5*g - 13. Is o(t) a composite number?
False
Suppose -24*g + 25*g + 3 = 0. Let d be 307*(g + -1 + 2). Is (d/8)/(13/(-52)) prime?
True
Suppose d = -3*f + f + 8, 2*d - 7 = -f. Suppose 2*w + d*o - 5 = -21, -28 = 4*w + 5*o. Is w/(-66) + 2790/22 composite?
False
Let o = -1052 + 2475. Is o a composite number?
False
Is (-5 - -28490) + -10 + -12 a composite number?
False
Suppose 13*g + 25 = 18*g. Suppose 5*n - 15 - 5 = 5*o, -g*n = -3*o - 24. Is n a prime number?
False
Suppose -n = -1179 + 100. Is n composite?
True
Suppose -10 = -u - u. Suppose b = u*b - 28. Let s(o) = 65*o - 1. Is s(b) prime?
False
Suppose -59*y + 69*y = 57790. Is y prime?
True
Let q(w) = -60*w**2 - 3*w - 1. Let z be q(-2). Let b be z + ((-9)/(-3))/3. Let t = -155 - b. Is t prime?
True
Is 12576/2 + (-35)/(-7) + -6 composite?
False
Let y(k) = 4*k**2 + 2*k - 3. Let l be y(3). Suppose -3*z = -189 + 33. Let w = l + z. Is w a prime number?
False
Let u be 6 + 75672/28 + 4/(-7). Let i = u + -1005. Is i a prime number?
False
Suppose -7978 = -2*h + 5*p, 9*p - 10*p + 3975 = h. Is h prime?
False
Let h be ((-4 - -7) + 2)*1. Let v(d) = 2*d**3 - d**2 + 12*d - 6. Let j be v(h). Let z = j - 152. Is z a prime number?
True
Suppose 4*k - 12 = 0, 2*f - 3*f = -k - 5776. Is f composite?
False
Let a(z) = 3*z + 38. Let c be a(-11). Suppose 5*k = 6*t - 2*t - 1176, 2*t - 558 = -c*k. Is t a prime number?
False
Suppose 18176 = 4*i + 3*o, 5*o = -6*i + 5*i + 4527. Is i a composite number?
False
Let s = 399 + -77. Let z = s + -68. Is z a composite number?
True
Suppose 3556 = 4*d - 2*w, -3*d = -4*w - 1320 - 1347. Is d composite?
True
Let s(t) = -t**2 - 4*t - 3. Let b be s(-3). Suppose 2*m - r - 1590 = -2*r, b = r + 4. Is m composite?
False
Let d be 4/34 - 4398/102. Let p = d + 234. Is p a prime number?
True
Suppose 162*z - 178*z = -164624. Is z prime?
True
Suppose 2*x + l + 6279 = 4*x, 0 = -3*x + 2*l + 9421. Is x prime?
True
Let v(f) = 2*f**3 - 6*f**2 + 7*f - 9. Let p be v(6). Suppose 0*m = 3*m - p. Is m a prime number?
True
Is (-12)/300*5 + (-4556)/(-5) prime?
True
Let d(h) = -h**2 + 41*h - 43. Is d(20) prime?
False
Let x be (-10)/(-25) + (-646)/(-10). Suppose 507 = q - x. Suppose 0*k + q = 4*k. Is k composite?
True
Suppose j = -2*t + 43, 4*j - j = -4*t + 89. Let m be (-5)/(t/(-32)) + -4. Is (446/(-8))/(m/(-16)) prime?
True
Let t = 295 - 1002. Let m = -334 - t. Is m a composite number?
False
Let t be (-13)/(-2)*-1*2. Let g = -9 - t. Suppose g*c = -2*n + c + 313, -318 = -2*n - 4*c. Is n prime?
True
Let r = -10775 + 24757. Is r a composite number?
True
Let z(c) = c**2 + 9*c - 10. Let q be z(-10). Let t(r) = r**3 - r + 1087. Is t(q) composite?
False
Suppose 4*m = n - 2169, 5*n + 0*n + 2*m = 10801. Is n a prime number?
True
Let f(o) = 2*o - 5. Let y be f(6). Let r(d) = d - 7. Let z be r(y). Suppose z = 3*m + 2*m - 1015. Is m prime?
False
Let o(z) = 127*z + 73. Let n(a) = -126*a - 73. Let w(q) = 4*n(q) + 3*o(q). Is w(-24) a composite number?
False
Let p = 11790 + -4687. Is p a prime number?
True
Let d = 2 + 4. Let h be 2*-75*3/d. Is (h/2 - 2)*-2 a prime number?
True
Let y(a) = -4*a + 4. Let p be y(-11). Let w = 181 - 44. Suppose -w = -i - p. Is i prime?
True
Let l = -13583 - -28104. Is l prime?
False
Let g = -21402 - -44255. Is g a composite number?
False
Let y = -57 - -12. Is (y/(-6) + -6)*3274/3 a prime number?
True
Let u = 13 - 43. Let m be (-192)/u - (-4)/(-10). Suppose j - 506 = -2*a + m*j, -j - 253 = -a. Is a a prime number?
False
Is ((-8941)/3)/((-8)/24) composite?
False
Let n(d) = -131*d**2 - 3*d - 2. Let z be 1 - 6*4/8. Let o be n(z). Is -3 - ((0 - 0) + o) prime?
False
Let l(d) be the second derivative of -47/2*d**3 + 7/2*d**2 + 5*d + 0. Is l(-4) a composite number?
False
Let y(a) = a**3 + 2*a**2 + 4*a + 3. Let p be y(-2). Let x be -65 + p*(-8)/20. Let t = x + 206. Is t composite?
True
Let w = 1024 + -289. Let u = w + 178. Is u prime?
False
Suppose 5*h = x + 7149, 3*h = 2*x - 7*x + 4267. Suppose h = -4*v + 3369. Is v a composite number?
True
Let h(v) be the third derivative of v**4/24 - 5*v**3/3 + 4*v**2. Let y be h(13). Suppose -u + 4228 = y*u. Is u a composite number?
True
Suppose -5*w + 0 = 3*o - 3, 5 = -5*w - 5*o. Let d be 1/(w + -3 - -1). Is (1 - 2)/(d/(-97)) prime?
True
Suppose -24*x - 443260 = -1846084. Is x a prime number?
True
Let l(c) = 3*c**2 - 5*c + 11. Let v be (2/(-6))/(4/24). Let u(d) = -5*d - 1. Let w be u(v). Is l(w) composite?
True
Let z = -1548 - -2262. Let x be (6/(-4))/(6/16). Is 4/(-6)*z/x prime?
False
Let z = -1410 - -3095. Suppose 3*f - t + 0*t - z = 0, 579 = f + 4*t. Is f composite?
False
Suppose -10*b = -13*b + 3777. Is b prime?
True
Let m = 7 + -4. Let a = 37 + -33. Suppose -m*s - s + 4*c = -280, 285 = a*s - 5*c. Is s a composite number?
True
Suppose 3*z - 13992 = 68175. Is z prime?
False
Suppose -3262 = -3*f + 3*d + 40112, -2*d - 72290 = -5*f. Is f a composite number?
True
Suppose k + 0 = 53. Let f = 5 + k. Is f composite?
True
Suppose u - 7*y + 5*y - 1929 = 0, 4*u = -2*y + 7706. Is u a composite number?
True
Suppose j = -4*k + 2602, -4*j + 15098 = -5*k + 4795. Is j composite?
True
Suppose 0 = 2*h + i - 3711 - 172, 5*i + 7759 = 4*h. Is h a prime number?
False
Let s = -223 - -313. Suppose 2*j + 3*k = -7285, k = -5*j - 8542 - 9651. Is (-15)/s - j/12 a prime number?
False
Suppose 2*m = 3*u + 31913, u + 15956 = m - 0*u. Is m a prime number?
False
Let l be (-1 + 0)/((-4)/12). Suppose w + 12 = -l*w. Let b = 9 + w. Is b prime?
False
Suppose 4*r + 3*h = 28, r + r = -5*h + 28. Suppose 0 = -2*w - 3*l + 4*l - 2346, 2*w = r*l - 2352. Is w/8*-1*2 prime?
True
Suppose -5*h + 2775 = 2*j - 0*j, -3*j = 15. Is h composite?
False
Let x = 101154 + -26801. Is x prime?
True
Let v(o) = -o**3 + 36*o**2 - 32*o + 22. Is v(35) composite?
False
Let c be (26/(-8))/(2/(-2840)). Suppose 2471 = 6*f - c. Is f a composite number?
False
Let b(c) = 4*c**3 - 13*c**2 - 17*c + 21. Let o(p) = 21*p**3 - 65*p**2 - 86*p + 105. Let x(a) = -11*b(a) + 2*o(a). Is x(-11) composite?
False
Suppose -3*j + 0*j = 2*l - 14, 0 = 4*j - 4*l - 32. Suppose j*m = 13*m - 469. Is m prime?
True
Let f(a) = 45*a**3 - 3*a**2 - 5*a + 16. Is f(5) prime?
False
Is (-22)/(-55) - (-1986)/10 a composite number?
False
Let h(s) = -5*s - 8. Let f be h(-2). Is 55960/50 + (-2)/10 - f composite?
False
Is (4645/(-15))/(7/(-147)) a composite number?
True
Suppose -2*f - 10804 - 8876 = -4*n, 24600 = 5*n - f. Suppose -2*s - 3*s + 5*i + n = 0, -2*s + 3*i + 1973 = 0. Is s composite?
True
Let t(q) = q**2 + 5*q - 3. Let j be t(-6). Suppose j*b - 121 = 488. Is b a prime number?
False
Is -4 + (-1473)/6*-6 composite?
True
Let d(v) = -3*v**3 - 3*v**2 - 4*v - 1. Suppose 3 = 5*m + 33. Is d(m) composite?
False
Let r(b) = b**3 - 13*b**2 - b + 15. Let d be 15 + 4/(2/(-1)). Let i be r(d). Is (-179 + (4 - i))/(-1) composite?
True
Let q(u) = 120*u - 17. Let n(d) = 4*d**2 + 22*d - 7. Let h be n(-6). Is q(h) prime?
False
Suppose -26299 + 5094 = -5*z. Is z a prime number?
True
Suppose -15 = -11*c + 8*c. Let f(j) = -150*j + 5. Let z be f(-4). Suppose -c*s + z = -350. Is s a prime number?
True
Let i(v) = 147*v**3 + 9*v**2 - 2*v - 2. Let j(o) = -73*o**3 - 5*o**2 + o + 1. Let q(k) = -4*i(k) - 7*j(k). Is q(-2) composite?
True
Suppose 14*c - 7961 = -5*c. Is c a composite number?
False
Let p(x) = -40*x**2 + 16*x + 2. Let f(d) = 39*d**2 - 17*d - 1. Let u(s) = 3*f(s) + 2*p(s). Is u(6) composite?
True
Suppose -9*f = 3*f - 612. Let t be 7/(-1 + 48/51). Is f/t + (-241)/(-7) composite?
True
Suppose 0 = 24*x - 20*x - 16. Suppose 0 = -x*s + 4*f - 12, 4*s - 7*s + f + 1 = 0. Suppose -s*y + 652 = 2*y. Is y composite?
False
Let d(j) = -j**2 + 898. Let g(i) = i**3 - 5*i**2 + i - 5. Let t be g(5). Let x be d(t). Let n = x + -641. Is n a composite number?
False
Let h be ((-20)/25)/((-3)/(-30)*-2). Suppose h*k = 31 + 1645. Is k a prime number?
True
Let z be 1/3 + 2650/(-30). Let q = z + 10. Let r = q - -115. Is r composite?
False
Suppose -2*z + 3934 = -2*j, 4*z - 7878 = 12*j - 13*j. Is z composite?
True
Suppose -2*d = -4, 5*a - 360 = 4*a + 2*d. Let g = 635 - a. Is g a prime number?
True
Let f(g) = 6 + 11 + 2*g**2 + 5*g + 4*g + 2. Is f(-12) prime?
True
Suppose -3*d - j = 4*j - 12516, -16705 = -